git of 532?
3
What is the hundreds digit of 1810?
8
What is the tens digit of 351?
5
What is the tens digit of 101904?
0
What is the hundreds digit of 4366?
3
What is the tens digit of 21162?
6
What is the ten thousands digit of 25074?
2
What is the hundreds digit of 82242?
2
What is the units digit of 47588?
8
What is the units digit of 7956?
6
What is the tens digit of 7601?
0
What is the tens digit of 1709?
0
What is the tens digit of 48?
4
What is the thousands digit of 3514?
3
What is the thousands digit of 1057?
1
What is the tens digit of 15827?
2
What is the tens digit of 22947?
4
What is the tens digit of 71110?
1
What is the units digit of 903?
3
What is the tens digit of 38699?
9
What is the thousands digit of 17009?
7
What is the hundreds digit of 418?
4
What is the ten thousands digit of 13104?
1
What is the hundreds digit of 2678?
6
What is the units digit of 3128?
8
What is the hundreds digit of 403?
4
What is the thousands digit of 29022?
9
What is the thousands digit of 9308?
9
What is the ten thousands digit of 16826?
1
What is the tens digit of 1271?
7
What is the units digit of 1451?
1
What is the tens digit of 7365?
6
What is the hundreds digit of 3875?
8
What is the tens digit of 810?
1
What is the ten thousands digit of 10582?
1
What is the ten thousands digit of 45327?
4
What is the thousands digit of 1439?
1
What is the hundreds digit of 2312?
3
What is the units digit of 1011?
1
What is the ten thousands digit of 14316?
1
What is the ten thousands digit of 23613?
2
What is the units digit of 612?
2
What is the thousands digit of 5110?
5
What is the tens digit of 1118?
1
What is the units digit of 9640?
0
What is the units digit of 194770?
0
What is the thousands digit of 3045?
3
What is the tens digit of 79381?
8
What is the hundreds digit of 36580?
5
What is the units digit of 26297?
7
What is the tens digit of 397?
9
What is the tens digit of 1266?
6
What is the tens digit of 76068?
6
What is the thousands digit of 2780?
2
What is the hundreds digit of 285?
2
What is the tens digit of 323?
2
What is the thousands digit of 42738?
2
What is the units digit of 2952?
2
What is the hundreds digit of 387?
3
What is the hundreds digit of 720?
7
What is the units digit of 6593?
3
What is the thousands digit of 1380?
1
What is the units digit of 31425?
5
What is the units digit of 5770?
0
What is the hundreds digit of 2680?
6
What is the hundreds digit of 84129?
1
What is the units digit of 6214?
4
What is the units digit of 105523?
3
What is the units digit of 665?
5
What is the units digit of 1706?
6
What is the tens digit of 2275?
7
What is the units digit of 6036?
6
What is the thousands digit of 9644?
9
What is the units digit of 757?
7
What is the thousands digit of 3057?
3
What is the hundreds digit of 22791?
7
What is the units digit of 21328?
8
What is the ten thousands digit of 28250?
2
What is the units digit of 8086?
6
What is the units digit of 1053?
3
What is the units digit of 46683?
3
What is the units digit of 5775?
5
What is the tens digit of 1031?
3
What is the units digit of 3610?
0
What is the thousands digit of 6644?
6
What is the thousands digit of 3741?
3
What is the ten thousands digit of 34567?
3
What is the thousands digit of 13497?
3
What is the units digit of 2821?
1
What is the hundreds digit of 2945?
9
What is the hundreds digit of 4100?
1
What is the tens digit of 58551?
5
What is the thousands digit of 7624?
7
What is the hundreds digit of 5576?
5
What is the tens digit of 571?
7
What is the tens digit of 3087?
8
What is the units digit of 167868?
8
What is the units digit of 894?
4
What is the hundreds digit of 2969?
9
What is the hundreds digit of 3581?
5
What is the hundreds digit of 13119?
1
What is the ten thousands digit of 59844?
5
What is the ten thousands digit of 32584?
3
What is the tens digit of 4311?
1
What is the units digit of 33620?
0
What is the units digit of 145?
5
What is the hundreds digit of 21917?
9
What is the tens digit of 14105?
0
What is the tens digit of 653?
5
What is the tens digit of 530?
3
What is the tens digit of 4291?
9
What is the units digit of 109001?
1
What is the units digit of 1226?
6
What is the units digit of 1033?
3
What is the hundreds digit of 6604?
6
What is the tens digit of 1761?
6
What is the ten thousands digit of 12682?
1
What is the thousands digit of 43126?
3
What is the thousands digit of 3360?
3
What is the hundreds digit of 1071?
0
What is the units digit of 866?
6
What is the tens digit of 8862?
6
What is the ten thousands digit of 28011?
2
What is the units digit of 14257?
7
What is the hundreds digit of 2004?
0
What is the units digit of 518?
8
What is the hundred thousands digit of 114922?
1
What is the ten thousands digit of 12310?
1
What is the hundreds digit of 22854?
8
What is the hundreds digit of 1630?
6
What is the hundreds digit of 153350?
3
What is the tens digit of 958?
5
What is the units digit of 54123?
3
What is the hundreds digit of 163375?
3
What is the units digit of 2354?
4
What is the thousands digit of 36697?
6
What is the tens digit of 151?
5
What is the tens digit of 634?
3
What is the tens digit of 2263?
6
What is the units digit of 473?
3
What is the units digit of 1936?
6
What is the units digit of 666?
6
What is the hundreds digit of 512?
5
What is the hundreds digit of 1752?
7
What is the tens digit of 28758?
5
What is the tens digit of 273?
7
What is the tens digit of 1628?
2
What is the hundreds digit of 9795?
7
What is the ten thousands digit of 16122?
1
What is the units digit of 1645?
5
What is the thousands digit of 28151?
8
What is the hundred thousands digit of 160280?
1
What is the tens digit of 381?
8
What is the tens digit of 7515?
1
What is the thousands digit of 2392?
2
What is the units digit of 253?
3
What is the tens digit of 75081?
8
What is the hundreds digit of 55987?
9
What is the tens digit of 24989?
8
What is the tens digit of 7182?
8
What is the units digit of 1333?
3
What is the thousands digit of 12968?
2
What is the thousands digit of 14339?
4
What is the thousands digit of 2004?
2
What is the thousands digit of 10787?
0
What is the tens digit of 20315?
1
What is the units digit of 7747?
7
What is the units digit of 10634?
4
What is the tens digit of 69534?
3
What is the units digit of 8929?
9
What is the tens digit of 2639?
3
What is the thousands digit of 4129?
4
What is the hundreds digit of 25563?
5
What is the thousands digit of 11820?
1
What is the hundreds digit of 8400?
4
What is the thousands digit of 1907?
1
What is the units digit of 68984?
4
What is the units digit of 615?
5
What is the tens digit of 62?
6
What is the tens digit of 652?
5
What is the units digit of 1747?
7
What is the units digit of 522?
2
What is the tens digit of 6566?
6
What is the thousands digit of 17258?
7
What is the hundreds digit of 48564?
5
What is the thousands digit of 2473?
2
What is the hundreds digit of 28293?
2
What is the thousands digit of 78151?
8
What is the thousands digit of 4301?
4
What is the thousands digit of 2454?
2
What is the tens digit of 19337?
3
What is the tens digit of 900?
0
What is the units digit of 555?
5
What is the units digit of 69075?
5
What is the hundreds digit of 838?
8
What is the units digit of 26484?
4
What is the hundreds digit of 4816?
8
What is the hundreds digit of 143351?
3
What is the units digit of 6408?
8
What is the units digit of 7812?
2
What is the tens digit of 1291?
9
What is the thousands digit of 39000?
9
What is the units digit of 9515?
5
What is the units digit of 1453?
3
What is the units digit of 39720?
0
What is the thousands digit of 3923?
3
What is the hundreds digit of 833?
8
What is the thousands digit of 1476?
1
What is the tens digit of 4032?
3
What is the thousands digit of 18732?
8
What is the units digit of 31992?
2
What is the hundreds digit of 8345?
3
What is the hundreds digit of 855?
8
What is the hundreds digit of 931?
9
What is the thousands digit of 2166?
2
What is the thousands digit of 18041?
8
What is the tens digit of 28?
2
What is the tens digit of 87?
8
What is the ten thousands digit of 10161?
1
What is the tens digit of 710?
1
What is the tens digit of 1691?
9
What is the tens digit of 554?
5
What is the uni